mposite number?
False
Is 1128863789 composite?
False
Is 3377187403 a prime number?
False
Is 1886623561 prime?
True
Is 3161839817 composite?
False
Is 62314169 composite?
False
Is 55472405 prime?
False
Is 4688243761 prime?
True
Is 2299246489 composite?
True
Is 13530629591 a prime number?
False
Is 3980158727 composite?
True
Is 8267729399 prime?
True
Is 2126909469 a composite number?
True
Is 12116692933 composite?
False
Is 20087452397 composite?
False
Is 38466058159 composite?
False
Is 134327647 a prime number?
True
Is 42471501349 composite?
True
Is 1173583163 composite?
False
Is 8639950369 a composite number?
False
Is 38154002057 a prime number?
False
Is 507365597 a composite number?
True
Is 659531503 composite?
False
Is 728279083 prime?
False
Is 714578819 prime?
False
Is 853706257 prime?
False
Is 41935043 prime?
True
Is 11062756433 prime?
False
Is 3807576179 composite?
True
Is 2557187741 a prime number?
True
Is 853267951 prime?
True
Is 85212476299 prime?
True
Is 3365084087 a composite number?
False
Is 5298681827 composite?
True
Is 17805242291 composite?
False
Is 15643981 a prime number?
True
Is 28454998919 a composite number?
True
Is 170172487 a composite number?
False
Is 17265640687 composite?
False
Is 3569022923 prime?
False
Is 18119053829 a prime number?
True
Is 74660174189 a composite number?
False
Is 33721594591 composite?
False
Is 426701623 a composite number?
True
Is 1135576759 composite?
False
Is 20481931087 a prime number?
False
Is 524705761 a prime number?
False
Is 711830995 prime?
False
Is 18531181115 composite?
True
Is 741696607 prime?
False
Is 24312386537 a composite number?
False
Is 13851760079 composite?
True
Is 152318897 a prime number?
True
Is 5182342882 a prime number?
False
Is 15407039 prime?
True
Is 1459630019 composite?
False
Is 3696559607 a composite number?
True
Is 1117160299 composite?
True
Is 49739074607 composite?
False
Is 2043894043 composite?
False
Is 82993780693 prime?
True
Is 224360053 prime?
True
Is 5905729358 a composite number?
True
Is 37405645187 prime?
True
Is 94845546703 composite?
False
Is 84737087 a prime number?
False
Is 20630303809 a composite number?
True
Is 25479401747 a prime number?
True
Is 1351139107 a prime number?
False
Is 1943164043 composite?
True
Is 753331963 a prime number?
True
Is 270939553 composite?
True
Is 2427909563 a prime number?
False
Is 8478362239 composite?
True
Is 204221413 composite?
True
Is 5514392467 a composite number?
True
Is 29041779089 a prime number?
True
Is 18701065817 a prime number?
False
Is 281180545861 a composite number?
False
Is 296523341 prime?
True
Is 22304287637 composite?
False
Is 514246181 a prime number?
True
Is 31576290673 composite?
True
Is 1558290233 prime?
True
Is 4520635345 prime?
False
Is 907307047 a composite number?
False
Is 124627742627 a prime number?
False
Is 3604355137 a composite number?
True
Is 3237643957 composite?
False
Is 7020134449 prime?
False
Is 132968695 prime?
False
Is 6334379453 prime?
True
Is 689745779 composite?
True
Is 1525119989 a prime number?
False
Is 2691695623 prime?
True
Is 2686985333 a prime number?
False
Is 197085503 composite?
False
Is 949914907 a prime number?
True
Is 4192110143 a prime number?
False
Is 2302986551 composite?
True
Is 57827729 a prime number?
False
Is 1077036119 a prime number?
False
Is 25042517741 a composite number?
False
Is 167398969 composite?
True
Is 38087529221 a prime number?
False
Is 4791368537 prime?
False
Is 730029397 a composite number?
False
Is 133133457269 prime?
False
Is 5367272569 prime?
True
Is 59114183 a composite number?
True
Is 19894298407 prime?
False
Is 2545138129 composite?
True
Is 226083919 prime?
True
Is 2678717927 prime?
False
Is 269692207 a composite number?
False
Is 7282808669 prime?
True
Is 622465681 prime?
True
Is 258062681753 a prime number?
True
Is 625315567 a composite number?
False
Is 9807483571 composite?
False
Is 225897563 a prime number?
True
Is 23149925069 a prime number?
False
Is 1621008607 prime?
True
Is 45311824897 a prime number?
True
Is 1737358373 prime?
True
Is 42319638967 a prime number?
True
Is 1123821451 a composite number?
False
Is 881818901 prime?
False
Is 4457684929 a composite number?
True
Is 5753672003 composite?
True
Is 36002713 a prime number?
True
Is 8847583057 a prime number?
True
Is 78560496367 prime?
True
Is 143151034123 a prime number?
False
Is 21225622189 a prime number?
True
Is 2504112511 composite?
True
Is 34299676991 composite?
False
Is 3875996759 prime?
True
Is 366914027 prime?
True
Is 3634185007 a prime number?
False
Is 19162840733 composite?
False
Is 95149910389 a composite number?
False
Is 1653224597 a composite number?
False
Is 17387331233 a prime number?
True
Is 11379664991 composite?
True
Is 9164618453 a prime number?
True
Is 2350656709 a composite number?
True
Is 461559797 a prime number?
True
Is 1067303009 prime?
True
Is 5722043963 a prime number?
True
Is 85342003 a composite number?
False
Is 96574941349 composite?
True
Is 12888531661 composite?
False
Is 15232849987 composite?
True
Is 9886780889 composite?
False
Is 541916161 a prime number?
False
Is 70822616747 composite?
True
Is 581056701 composite?
True
Is 1179022667 a prime number?
True
Is 1544031583 prime?
False
Is 3007486387 prime?
True
Is 286341842863 prime?
True
Is 9722435717 prime?
False
Is 326674181 composite?
False
Is 242392379 prime?
False
Is 19463937827 a composite number?
True
Is 9133535965 a composite number?
True
Is 273118 prime?
False
Is 1987061071 a composite number?
True
Is 7726337683 prime?
True
Is 2247541799 composite?
False
Is 210435893 composite?
True
Is 3696999393 a prime number?
False
Is 3729488281 prime?
True
Is 6024974621 a prime number?
True
Is 1026215503 a composite number?
False
Is 492649559 composite?
True
Is 2752993813 a composite number?
True
Is 1788832423 composite?
True
Is 534320803 a composite number?
False
Is 1037211257 composite?
False
Is 24690280309 prime?
True
Is 1677032893 a prime number?
False
Is 1600554101 a composite number?
False
Is 1781612003 composite?
True
Is 2973707965 a prime number?
False
Is 4220241713 a prime number?
True
Is 62608201 composite?
True
Is 8135544961 prime?
True
Is 2029570027 prime?
False
Is 4895003807 a prime number?
True
Is 116782817 composite?
True
Is 196934874835 composite?
True
Is 13882317994 a prime number?
False
Is 60996671 composite?
False
Is 7194560155 a composite number?
True
Is 14937952129 a prime number?
True
Is 120719038177 a prime number?
True
Is 423437687 prime?
True
Is 19113133183 a prime number?
False
Is 31733333273 composite?
False
Is 65640718333 a composite number?
True
Is 8863435991 a composite number?
False
Is 35616575023 prime?
True
Is 59476348751 a composite number?
False
Is 83671781 a prime number?
True
Is 21424021 prime?
False
Is 5595119 composite?
False
Is 10025868995 a composite number?
True
Is 24041617709 composite?
True
Is 861645833 composite?
True
Is 28648711073 prime?
True
Is 141267227 prime?
True
Is 94002725573 composite?
False
Is 42924558139 a prime number?
False
Is 441226510819 prime?
True
Is 1691932705 composite?
True
Is 2774727239 a prime number?
False
Is 3376190039 a composite number?
False
Is 998759243 a composite number?
True
Is 56298623 composite?
False
Is 16285220251 a composite number?
True
Is 4179457439 a composite number?
False
Is 426530383 a composite number?
False
Is 416103563 a prime number?
True
Is 5701834109 a prime number?
True
Is 11244438019 a prime number?
True
Is 36884176957 prime?
True
Is 1013277043 prime?
True
Is 3923618971 a prime number?
True
Is 2251594859 composite?
False
Is 44965736449 a prime number?
True
Is 17834975663 prime?
True
Is 12501722953 prime?
False
Is 1904550163 a prime number?
False
Is 20580523741 prime?
False
Is 5338845443 a composite number?
False
Is 10381315751 a prime number?
True
Is 3011969117 prime?
False
Is 36987466349 a composite number?
True
Is 250042417 a prime number?
True
Is 95910817063 a prime number?
False
Is 918760123 prime?
False
Is 1393571783 a prime number?
False
Is 188185597 a composite number?
True
Is 2292889831 composite?
True
Is 1993579933 prime?
False
Is 9902648543 composite?
False
Is 1206619699 a composite number?
True
Is 290424103 a composite number?
False
Is 4986474529 prime?
True
Is 4881032602 a prime number?
False
Is 143495293 p